der when 353 is divided by f.
17
Suppose 2*n - 6*n - 4 = 0. Suppose f = 5, -122*v = -124*v + 2*f + 16. What is the remainder when (-119 - n)*(-1)/2 is divided by v?
7
Let i = -3673 + 15769. Suppose 26*g - i = -28*g. Calculate the remainder when g is divided by 15.
14
Let y = -543 - -9. Let p = -524 - y. What is the remainder when 49/(-3)*-1*3 is divided by p?
9
Let n(b) = 28*b**2 - 3*b + 3. Suppose -3 = -4*h + 1. Let i(c) = 13*c**3 + 3*c**2 - 2*c. What is the remainder when n(h) is divided by i(1)?
0
Let a be 4035/4 - 10/(560/42). Suppose 0 = 38*q - 20*q - a. Calculate the remainder when 217 is divided by q.
49
Let b(q) = -48*q**3 - 24*q**2 - 100*q - 39. What is the remainder when b(-5) is divided by 85?
81
What is the remainder when 498 is divided by 52 - (16 - 0/8)?
30
Let j(o) = 13*o**2 - 4*o + 5. Suppose 5*w = 32 - 22. Suppose -12*a + 237 = -75. What is the remainder when j(w) is divided by a?
23
Let s be 3/(36/183)*4. Let w = s - 56. Suppose -2*d = -2*p - 4, 6*d + 4*p - 7 = w*d. What is the remainder when 12 is divided by d?
0
Let t = 4 + 22. What is the remainder when t is divided by ((-189)/(-252))/((-6)/(-56))?
5
Suppose 70*u - 3*j - 10 = 71*u, 3*u + 6 = -5*j. Calculate the remainder when 848 is divided by u.
0
Let i = 24 + -4. Let o(w) be the first derivative of w**4/2 - 11*w**3/3 + 3*w**2 - 10*w - 12. What is the remainder when o(7) is divided by i?
19
What is the remainder when 6/(-39) - ((-80385)/377 + (-60)/(-870)) is divided by 109?
104
Let s = -173 + 179. Suppose 2691 = -s*b + 45*b. Calculate the remainder when 135 is divided by b.
66
Let j(l) be the first derivative of -l**4/4 + 2*l**3/3 + l**2/2 - 4*l - 1. Let a be j(2). Calculate the remainder when ((-10)/25)/(a/680) is divided by 35.
31
Let k(o) = 3*o + 49. Calculate the remainder when k(-9) is divided by (5 - (-18)/(-6)) + 6.
6
Suppose 70*i - 69*i = -3*g + 198, g - 3 = 0. Calculate the remainder when i is divided by 18.
9
Let q = 25122 - 25094. What is the remainder when ((-2)/(-5))/(16/2880) is divided by q?
16
Let o(x) = -30*x + 544. What is the remainder when 1108 is divided by o(16)?
20
Suppose 0 = 41*z - 5358 + 2830 - 5057. Calculate the remainder when z is divided by 10.
5
Let j = 16512 - 16486. Let r be (-3)/((-6)/2) + -9. Calculate the remainder when j is divided by 2/4 - 140/r.
8
Let i(j) = 5*j**2 + 2*j - 4. Suppose 0 = -2*b + 3*t + 192, -4*t - 473 = 31*b - 36*b. What is the remainder when b is divided by i(3)?
46
Suppose t - 4*t - 3*i = -3327, -6*i - 5501 = -5*t. What is the remainder when t is divided by 41?
39
Let j(y) = 4*y**2 + 63*y - 1207. What is the remainder when j(13) is divided by 145?
143
Let y(u) = 20*u**2 - 3*u - 2. Let g = 97 + -180. Let b = g + 126. Calculate the remainder when y(3) is divided by b.
40
Suppose -1911 = -32*q + 25*q. Let g = 296 - q. Suppose -4*y + 378 = 22. Calculate the remainder when y is divided by g.
20
What is the remainder when ((-144)/108)/((-4)/1791) is divided by 101?
92
Let z = 2931 + -2873. Calculate the remainder when z is divided by 12.
10
Let t(j) = 19*j**2 + 361*j - 37. What is the remainder when t(-20) is divided by 72?
55
Let r(y) = 103*y + 155. Let j = -33 - -62. What is the remainder when r(-1) is divided by j?
23
What is the remainder when 32/((-5)/20*(-1)/4) is divided by 7?
1
Let n(o) = 7*o - 34. Let d be n(5). Let f be (-10504)/(-130) + (d - 8/10). Let k = f - 74. What is the remainder when 14 is divided by k?
0
Suppose -2*b - 2*q + 22 = 0, -7*b + 2*b + q = -25. Let f = 224 - 130. Suppose -32 = -6*j + f. Calculate the remainder when j is divided by b.
3
Suppose -2*c + 5*c = 12. Suppose 3*u - 2*t + t = -6, 2*u = -c*t + 10. What is the remainder when ((-161)/21)/(u - 4/(-6)) is divided by 11?
1
Let h(z) = 5*z + 178. Let p be h(-34). Suppose p*t - 158 - 34 = 0. Calculate the remainder when 1005 is divided by t.
21
Suppose 48*h - 344*h + 8427 = -25317. What is the remainder when 1250 is divided by h?
110
Suppose 0 = -19*g - 11 + 4818. Calculate the remainder when g is divided by 107.
39
Suppose 29*h = -55*h + 25*h + 5074. Calculate the remainder when 491 is divided by h.
61
Let q(h) = 959*h**3 - h**2 - 2*h + 2. Calculate the remainder when q(1) is divided by 37.
33
Let c(j) = -j**3 - 6*j**2 - 25*j + 5. Let b be c(-6). Suppose 23*i - b = 121. Calculate the remainder when 538 is divided by i.
10
Suppose 15*u - 777 = 228. Suppose u*x = 74*x - 3437. What is the remainder when x is divided by 12?
11
Let t = 1526 + -1512. Calculate the remainder when 178 is divided by t.
10
Suppose s - 32 = 193*r - 196*r, r + 4*s = -15. What is the remainder when 3 + -3 + -3 + 89 is divided by r?
8
Let f(o) = -81*o + 239*o - 129 - 80*o - 61*o. What is the remainder when 40 is divided by f(8)?
5
Let c = 29 + 12. Let p = c + -38. Suppose -p*f + 5*f - 24 = 0. Calculate the remainder when f is divided by 4.
0
Suppose 3168 = 5*s - r, 2*s + 2*s + 5*r = 2546. Let v = s + -412. Suppose 0 = -2*b - 4*b + v. What is the remainder when b is divided by 20?
17
What is the remainder when 519 is divided by (-1)/((-5)/294) + -9*(-11)/495?
47
Suppose -3*k = -4*o + 5883, -1492 = -o + 16*k - 11*k. Calculate the remainder when o is divided by 73.
7
Let m(y) = -2*y**3 - 7*y**2 - 40*y - 245. Calculate the remainder when m(-7) is divided by 71.
23
Let o = -48 + 60. Suppose 16*w - o*w = 168. What is the remainder when 81 is divided by w?
39
Suppose 45 + 859 = 8*a. Suppose 281 - a = 8*p. What is the remainder when p is divided by 12?
9
What is the remainder when 2856/7 + (-30 - -19) is divided by 82?
69
Suppose -4*s = 2*s + 432. Calculate the remainder when (-4236)/s + 1/6 is divided by 17.
8
Let v(z) = 6*z - 53. Let l(g) = -2. Let c(d) = 5*l(d) - v(d). What is the remainder when 2 - (-3 - -2)*41 is divided by c(5)?
4
What is the remainder when 1/((-2724372)/(-302706) + -9) is divided by 10?
7
Let i(q) = q**3 + 8*q**2 + 2*q - 9. Let t = -1 - 6. Let w be i(t). Let z(o) = 3*o - 60. Calculate the remainder when 34 is divided by z(w).
16
Let v(z) = 6*z**2 + 26*z + 75. Calculate the remainder when 802 is divided by v(-4).
65
Calculate the remainder when 21/(42/8) + 189 is divided by 49.
46
Let b(j) = -2*j**3 - 3*j**2 - j + 1. Let h be b(-3). Let n = 176 + h. What is the remainder when n is divided by 13?
12
Let t(i) = i**3 - 3*i - 3. Let j be t(-1). Let v(b) = -61*b**3 - 4*b - 3. What is the remainder when v(j) is divided by 34?
28
Let d(y) = y**3 - 2*y**2 + 9*y + 7. Let c(o) = -o**3 + o**2 - 9*o - 9. Let g(l) = 4*c(l) + 5*d(l). Calculate the remainder when 34 is divided by g(4).
1
Let i be (934/(-8))/(4/(-2*8)). Suppose -182 + i = 5*r. What is the remainder when 220 is divided by r?
49
Let q(h) = 2*h**3 - 9*h**2 + 18*h + 15. Let v(i) = -4*i**3 + 9*i**2 - 19*i - 16. Let p(y) = 3*q(y) + 2*v(y). What is the remainder when 49 is divided by p(-6)?
24
Let h(c) = -c**3 - 17*c**2 + 5*c - 23. Let y be h(-17). Let v = y - -106. Calculate the remainder when (-38)/(-2) + v + (2 - 0) is divided by 11.
8
Suppose -2*i - 3 + 1 = 0, 15 = 2*h + 5*i. Suppose c - 64 = -5*m, -7*m - 142 = -2*c - h*m. What is the remainder when c is divided by 20?
14
Suppose -12 = 6*x - 30. Suppose 101 = x*l + 20. Calculate the remainder when 48 is divided by l.
21
Let b(t) = -3*t**2 + 23*t + 4. Let y(j) = j**3 + 6*j**2 - 20. Let z be y(-3). Calculate the remainder when 31 is divided by b(z).
13
Let n(v) = 1848*v + 1906. What is the remainder when n(-1) is divided by (-18)/(-8) - 2/8?
0
Suppose 0 = v - 0 - 3. Let m be 13/((-110)/(-175) - v/7). Suppose m = 9*i - 4*i. What is the remainder when 37 is divided by i?
11
Suppose 3*m - 22074 = -42*h + 39*h, 0 = -m + 2*h + 7334. Calculate the remainder when m is divided by 171.
168
Let w = -73 - -138. Let s = -4118 - -4140. What is the remainder when w is divided by s?
21
Suppose 266*t = 271*t - 30. What is the remainder when (t/(-9))/((-8)/1524) is divided by 65?
62
Suppose 5*h - 1645 = -3*b, 33*h - 31*h = 2*b + 658. What is the remainder when h is divided by (-1)/(-3) + (-44)/(-3)?
14
Suppose 112 - 349 = -3*r. Suppose c = -7*c + 16. Suppose 10 + 30 = c*w. Calculate the remainder when r is divided by w.
19
Let t be (3 + -3)/5 + 3 + 0. Suppose -4*j = -4*h - 102 - 126, 4*j = t*h + 227. Calculate the remainder when j is divided by 12.
8
Suppose 214 = 2*i + 3*b 